 5115570?
5
What is the millions digit of 2673765?
2
What is the hundreds digit of 443549?
5
What is the ten thousands digit of 577884?
7
What is the units digit of 802825?
5
What is the tens digit of 14590?
9
What is the units digit of 318214?
4
What is the units digit of 12942967?
7
What is the thousands digit of 8575015?
5
What is the thousands digit of 3083170?
3
What is the millions digit of 1141731?
1
What is the units digit of 515609?
9
What is the millions digit of 3145995?
3
What is the hundreds digit of 776824?
8
What is the tens digit of 194702?
0
What is the tens digit of 97418?
1
What is the millions digit of 7400796?
7
What is the ten thousands digit of 136216?
3
What is the units digit of 2593054?
4
What is the units digit of 1693095?
5
What is the hundreds digit of 1812411?
4
What is the units digit of 286241?
1
What is the hundreds digit of 109657?
6
What is the ten thousands digit of 15877555?
7
What is the hundreds digit of 709544?
5
What is the units digit of 2516675?
5
What is the thousands digit of 468731?
8
What is the tens digit of 833766?
6
What is the thousands digit of 415445?
5
What is the tens digit of 268373?
7
What is the hundreds digit of 1343807?
8
What is the ten thousands digit of 11283171?
8
What is the hundreds digit of 117581?
5
What is the hundred thousands digit of 1891936?
8
What is the hundreds digit of 1772763?
7
What is the units digit of 359649?
9
What is the tens digit of 961432?
3
What is the thousands digit of 6849532?
9
What is the ten thousands digit of 2507452?
0
What is the ten millions digit of 38354285?
3
What is the millions digit of 8754193?
8
What is the tens digit of 238153?
5
What is the millions digit of 12111423?
2
What is the hundred thousands digit of 1926194?
9
What is the units digit of 3275020?
0
What is the hundreds digit of 1893217?
2
What is the hundreds digit of 3497280?
2
What is the thousands digit of 8926573?
6
What is the units digit of 180381?
1
What is the thousands digit of 1544140?
4
What is the ten thousands digit of 2502075?
0
What is the thousands digit of 23503693?
3
What is the hundred thousands digit of 6203934?
2
What is the thousands digit of 180914?
0
What is the ten thousands digit of 2154514?
5
What is the ten thousands digit of 788091?
8
What is the thousands digit of 3801498?
1
What is the hundreds digit of 266254?
2
What is the hundred thousands digit of 19016567?
0
What is the tens digit of 1366513?
1
What is the ten thousands digit of 5196229?
9
What is the millions digit of 3694754?
3
What is the hundreds digit of 7610959?
9
What is the hundreds digit of 107898?
8
What is the hundreds digit of 121735?
7
What is the ten thousands digit of 21544872?
4
What is the tens digit of 22562?
6
What is the thousands digit of 2038123?
8
What is the ten thousands digit of 585019?
8
What is the hundreds digit of 19971435?
4
What is the tens digit of 4812815?
1
What is the millions digit of 6371306?
6
What is the hundred thousands digit of 5295102?
2
What is the millions digit of 3917878?
3
What is the ten millions digit of 10673070?
1
What is the hundred thousands digit of 867579?
8
What is the thousands digit of 542432?
2
What is the tens digit of 39891?
9
What is the ten thousands digit of 795592?
9
What is the tens digit of 112649?
4
What is the hundred thousands digit of 19184427?
1
What is the tens digit of 191845?
4
What is the tens digit of 18830016?
1
What is the tens digit of 16711620?
2
What is the millions digit of 9683063?
9
What is the hundred thousands digit of 922144?
9
What is the hundreds digit of 1659510?
5
What is the thousands digit of 2571145?
1
What is the hundreds digit of 4406420?
4
What is the units digit of 22739?
9
What is the ten thousands digit of 7950701?
5
What is the hundred thousands digit of 1325233?
3
What is the tens digit of 543554?
5
What is the hundred thousands digit of 1111619?
1
What is the hundreds digit of 2401896?
8
What is the hundreds digit of 280114?
1
What is the millions digit of 7561832?
7
What is the ten thousands digit of 210229?
1
What is the units digit of 283008?
8
What is the hundred thousands digit of 10247169?
2
What is the millions digit of 10877710?
0
What is the tens digit of 9911489?
8
What is the ten thousands digit of 9415529?
1
What is the ten thousands digit of 4394696?
9
What is the millions digit of 4296844?
4
What is the thousands digit of 15768?
5
What is the hundred thousands digit of 1018377?
0
What is the tens digit of 3718882?
8
What is the tens digit of 2699361?
6
What is the units digit of 200042?
2
What is the hundred thousands digit of 282415?
2
What is the millions digit of 7268642?
7
What is the thousands digit of 1102617?
2
What is the hundreds digit of 3347465?
4
What is the millions digit of 33212222?
3
What is the tens digit of 361772?
7
What is the tens digit of 163652?
5
What is the tens digit of 408185?
8
What is the tens digit of 1871079?
7
What is the millions digit of 10038017?
0
What is the thousands digit of 16693?
6
What is the millions digit of 5796357?
5
What is the thousands digit of 1869302?
9
What is the tens digit of 2256295?
9
What is the millions digit of 2549599?
2
What is the hundreds digit of 106610?
6
What is the ten thousands digit of 332150?
3
What is the ten millions digit of 24709364?
2
What is the units digit of 324709?
9
What is the thousands digit of 2186412?
6
What is the hundreds digit of 16175?
1
What is the ten thousands digit of 395268?
9
What is the thousands digit of 64016?
4
What is the tens digit of 53605?
0
What is the ten millions digit of 15183720?
1
What is the thousands digit of 1711576?
1
What is the ten thousands digit of 1345398?
4
What is the ten thousands digit of 561024?
6
What is the ten thousands digit of 5850949?
5
What is the hundred thousands digit of 4012982?
0
What is the ten thousands digit of 1817071?
1
What is the tens digit of 171434?
3
What is the units digit of 7459250?
0
What is the hundred thousands digit of 479974?
4
What is the ten thousands digit of 3252846?
5
What is the hundred thousands digit of 3796119?
7
What is the hundreds digit of 881706?
7
What is the hundreds digit of 8003900?
9
What is the tens digit of 7796347?
4
What is the hundreds digit of 7828596?
5
What is the units digit of 3550874?
4
What is the tens digit of 633941?
4
What is the hundred thousands digit of 321368?
3
What is the tens digit of 3638481?
8
What is the ten thousands digit of 376182?
7
What is the thousands digit of 310018?
0
What is the tens digit of 300615?
1
What is the tens digit of 2077516?
1
What is the hundred thousands digit of 1104310?
1
What is the tens digit of 23320254?
5
What is the hundred thousands digit of 14917728?
9
What is the units digit of 9676090?
0
What is the ten thousands digit of 10565423?
6
What is the thousands digit of 657587?
7
What is the tens digit of 172397?
9
What is the ten thousands digit of 934739?
3
What is the hundreds digit of 766933?
9
What is the tens digit of 613698?
9
What is the hundred thousands digit of 5029969?
0
What is the tens digit of 14415294?
9
What is the tens digit of 320175?
7
What is the hundred thousands digit of 208432?
2
What is the hundreds digit of 10503890?
8
What is the ten thousands digit of 6684684?
8
What is the ten thousands digit of 1033434?
3
What is the units digit of 46366?
6
What is the ten thousands digit of 25418818?
1
What is the thousands digit of 2952507?
2
What is the hundreds digit of 105808?
8
What is the millions digit of 1127658?
1
What is the hundred thousands digit of 309741?
3
What is the tens digit of 323534?
3
What is the ten thousands digit of 615377?
1
What is the hundreds digit of 1103235?
2
What is the units digit of 12158?
8
What is the tens digit of 15000501?
0
What is the units digit of 209516?
6
What is the ten thousands digit of 14676263?
7
What is the units digit of 4774560?
0
What is the ten thousands digit of 3356448?
5
What is the ten thousands digit of 287993?
8
What is the hundred thousands digit of 1645056?
6
What is the units digit of 176648?
8
What is the thousands digit of 3489567?
9
What is the ten thousands digit of 472588?
7
What is the units digit of 1704741?
1
What is the tens digit of 2193891?
9
What is the tens digit 